 is o(-5)?
27
Let a(s) be the second derivative of -s**5/20 + s**3/6 - 15*s**2/2 + 2*s - 43. Calculate a(0).
-15
Let f be 12 + -3 - (2 + 0). Let y = -4 + f. Let i(r) be the third derivative of -r**4/12 + 2*r**3/3 - 71*r**2. What is i(y)?
-2
Suppose -4*q = -10*q + 42. Let u(a) = 3*a + 5 - q + 8. Give u(-5).
-9
Let w(d) = -21*d**2 + 5*d - 2. Let b(u) = -11*u**2 + 3*u - 1. Let g(a) = -11*b(a) + 6*w(a). What is g(-2)?
-15
Let p(l) = -7*l - 3. Let o be (18/(-4) - -4)*4. What is p(o)?
11
Let s(x) = 2*x - 3. Suppose -f - 4*f = -4*z - 93, 5*f - 120 = -5*z. Let r = f + -15. Suppose -5*d + 24 = -u, -2*d = -r*d - 5*u - 4. Determine s(d).
5
Let x(j) = -4 - 5*j - 15705*j**2 + 15716*j**2 - j**3 + 0*j - 7*j. Determine x(9).
50
Let v = -2 + -3. Let n = v + 10. Suppose -3*m - 4*l - 19 = 0, 3*l = 5*m + n*l + 27. Let f(k) = k. Give f(m).
-5
Let z(p) = -8*p**2 - 2*p - 1. Let u(d) = d**2 + 1. Let t(n) = 2*u(n) + z(n). What is t(-2)?
-19
Suppose -26*l + 76 = 50. Let g(v) = -v**2 + v - 1. Let s(o) = -14*o**2 + 4*o - 4. Let j(u) = -3*g(u) + s(u). Calculate j(l).
-11
Let x = -70 + 77. Let i(z) = -z**2 + 10*z - 16. Let a be i(x). Let r(v) = v**2 - 10*v + 5. Calculate r(a).
-20
Suppose -4*b + 7*b = 6. Suppose 97*a = 98*a + b. Let y(c) be the first derivative of -c**4/2 - 2*c**3/3 + c**2/2 + c + 1. What is y(a)?
7
Let m(d) = -d**2 - 22*d - 46. Let i be m(-20). Let w(t) = 0*t + 4*t - 3*t. Give w(i).
-6
Suppose 90*a = 3*y + 89*a + 16, 0 = -4*a + 16. Let i(p) be the third derivative of -p**4/12 - p**3/3 + p**2. Calculate i(y).
6
Let f(t) be the second derivative of -t**3/6 - t**2/2 + 3*t - 28. Calculate f(-7).
6
Let p(u) be the second derivative of -u**4/12 - u**3/6 - u**2 + 64*u. What is p(-2)?
-4
Let k(a) = 13*a**3 - a**2 + a. Let r be 14 - 2/((-2)/1). Suppose -2*z - 5*w + 24 = 2*z, -4*w = -z - r. What is k(z)?
13
Let r(f) = f**3 + 11*f**2 + 10*f + 8. Let s be r(-10). Let d(n) = n**3 - 8*n**2 + 3*n + 4. Let o be d(s). Let z(h) = o - 6 + h - 11 - 5. Give z(-6).
0
Let p(i) be the third derivative of i**4/12 - 4*i**3/3 - i**2 + 21. Calculate p(10).
12
Let u(w) = w**2 + 7*w - 9. Let y(m) = -m**2 - 6*m + 6. Let c(q) = -2*u(q) - 3*y(q). Determine c(-4).
0
Let i(r) be the third derivative of r**4/24 + 2*r**3/3 - 2*r**2. Suppose 0 = 3*h + 2*h - 50. Suppose h*s - 9*s = 0. Determine i(s).
4
Let l(d) = d**2 - 11*d + 6. Let u be l(10). Let p(i) be the third derivative of i**2 - 5/24*i**4 + 0*i**3 + 0*i + 1/120*i**6 + 1/20*i**5 + 0. Give p(u).
4
Suppose -3*i = -4*l + 20, -3*i = 2*l - 2*i. Let f(v) = -3 + l*v - 3*v + 3. What is f(4)?
-4
Let n be (-12*2/8)/(6/32). Let m be (7 + -1)*3*-1. Let g = n - m. Let v(j) = -2*j**2 + 1. What is v(g)?
-7
Let h(o) = -o**2 + 13*o + 14. Suppose 129*p - 103*p - 364 = 0. Give h(p).
0
Let x(q) = -2*q**2 - 7*q - 1. Let o be x(-5). Let s(h) = 6*h. Let t(f) = f. Let w(p) = o*t(p) + 3*s(p). Determine w(3).
6
Suppose 2*g = -5*l + 11 + 9, g - 3*l = -1. Let q(m) be the third derivative of 0*m + 11*m**2 + 0 - 1/20*m**g + 1/24*m**4 + 1/3*m**3. Determine q(2).
-8
Suppose 3*s + 6 = m + 4*m, 5*s + 10 = -m. Let z(v) = 4*v + v**2 - 3 - 7*v + m*v. Calculate z(4).
1
Let g = 299 - 299. Let h(r) = -r**3 + r**2 - r + 5. Give h(g).
5
Let w(n) = -2*n + 2. Let m(l) be the first derivative of -5/2*l**2 + 7*l - 3. Let b(h) = 3*m(h) - 8*w(h). Determine b(0).
5
Let z(y) = -12*y + 161. Let k be z(13). Let d(j) = 2*j**3 + 8*j**2 - 4*j + 2. Let h(o) = o**3 + 7*o**2 - 3*o + 3. Let p(n) = -2*d(n) + 3*h(n). Calculate p(k).
0
Let i be 20/6*81/(-45). Let x(k) = k**3 + 6*k**2 + k - 2. Give x(i).
-8
Suppose 3 + 13 = 2*c. Let h(x) = x. Give h(c).
8
Let o(s) be the third derivative of s**6/120 - s**5/5 + s**4/12 - 17*s**3/6 + 300*s**2. Give o(12).
7
Suppose -3*f + 12 + 0 = 0. Let n = -200 + 218. Suppose -j + n = -f*j. Let s(q) = q**3 + 6*q**2 - q - 2. Determine s(j).
4
Let l(x) = -4*x**3 - x**2 + x. Let y(t) = t**3 + 14*t**2 + 12*t - 4. Let f be y(-13). Suppose 5*u + 2*v = v + f, 16 = 4*v. Determine l(u).
-4
Let w(l) = -2 + 12*l**2 + 11*l + 3 - 2 - 10*l. Let j be w(1). Suppose z + 2*o - 12 = 0, z - 2*o = -2*z + j. Let m(a) = a**2 - 8*a. What is m(z)?
-12
Let m(w) = 3*w**2 - w - 1. Let o(n) = -8*n**3 - n**2 - 2*n + 1. Let t be o(-2). Let z = t - 66. Calculate m(z).
3
Let n = 1204 - 1217. Let u(d) = -d**3 - 13*d**2 - 2*d - 13. What is u(n)?
13
Let b(a) = 12*a**3 + 10*a**2 - 4*a - 1. Let y(h) = -10*h**3 - 8*h**2 + 3*h + 1. Let m(n) = 3*b(n) + 4*y(n). Determine m(-1).
3
Suppose 0 = -5*r - 2*u + 7, -21*r + 22*r - u = 0. Let a(i) = -6*i**2 + 3*i - 2. Determine a(r).
-5
Let m(w) = w**3 - 7*w**2 - 3*w - 2. Let k be m(7). Let c be 8/12 + 0 - 696/(-36). Let n = k + c. Let b(v) = 2*v**2 + 4*v - 1. Give b(n).
5
Suppose -2*j + 3*v = 0, -2*v = -j - 6*v. Let x(b) = 18 - 3*b - 22 + 3*b + b**3. Calculate x(j).
-4
Let u(y) = 9*y - 25. Let x be u(3). Let a(f) = 6*f + 9 - 2*f - x*f - 3*f. Give a(4).
5
Let m be -5 - (10/(-10))/(-1). Let k(g) = -g**2 - 2*g + 4. Give k(m).
-20
Let g = 8 + -10. Suppose -3*s - 5 = u + 4*u, 4*s - 2*u = 28. Let b(c) = -4*c + 2*c**2 + 0*c - 2 + s*c. Determine b(g).
4
Let g(u) = -15*u**2 - 4*u. Let o(q) = 41*q**2 + 11*q. Let x(m) = -11*g(m) - 4*o(m). Calculate x(-4).
16
Let l = 13 - 10. Let d(a) = -5*a**l - 2*a**3 - a**2 - a**3 + 2*a**2. Determine d(1).
-7
Suppose -9 = -2*r + 5. Let m(h) = 7*h**3 - 21*h + 3. Let w(a) = a**3 + a**2 - 2*a - 1. Let u(x) = m(x) - 6*w(x). Calculate u(r).
-5
Let g(t) be the first derivative of 3*t**2 + t - 433. Suppose -4*d - 1 = 7. Give g(d).
-11
Let k be (10 - 11) + 13/1. Suppose -4*s + k = -0*s. Let b(c) = c**2 - 4*c - 1. Give b(s).
-4
Let k(t) = t**3 + 9*t**2 - 1. Let i be (-150)/(-25)*3/(-2). Determine k(i).
-1
Suppose -p - 1 = -2*l - 3, 2*l = 0. Suppose 0*d + 41 = 5*c + p*d, 2*c - d - 20 = 0. Let m(r) = r**3 - 10*r**2 + 9*r - 9. Determine m(c).
-9
Let b(l) = -4*l**2 - 2*l - 20. Let g(x) = x**2 - x + 1. Let m(w) = -b(w) - 5*g(w). Calculate m(9).
-3
Let m(u) = u - 6. Suppose -2*o = o. Let a be m(o). Let b be (8/a)/(6/(-9)). Let f(x) = x. What is f(b)?
2
Let p(b) = -15*b**2 - 10*b - 7. Let s(j) = 13*j**2 + 9*j + 6. Let k(o) = -6*p(o) - 7*s(o). What is k(-3)?
0
Let n(z) = 7*z - 3*z - 8 + 4*z**2 - z**3 + 6*z**2 + 8*z. Let h be n(11). Let m(p) = -5*p + 2 - 15*p + 15*p + p**2. What is m(h)?
-4
Suppose -5*n - 41 = -51. Let a = n + -2. Let r(h) = h + 18. What is r(a)?
18
Let p(g) = -g**3 + 8*g**2 - 2. Let y(q) = -2*q**2 + 3*q + 22. Let f be y(0). Suppose 2*h = 3*o + f, -2*h - 3*o = 5 - 15. Calculate p(h).
-2
Let b(c) be the third derivative of 0*c + 2*c**2 - c**3 + 0 - 1/3*c**4 - 1/120*c**5. Let a(y) be the first derivative of b(y). Give a(-6).
-2
Let t(a) = 13*a**3 - a. Let q be (24/10)/(4/(-30)). Let v = 19 + q. Calculate t(v).
12
Let y(v) = -5*v. Suppose 0 = 9*o - 7 + 16. Determine y(o).
5
Let j be (-3)/(-4) + -1 + 65/20. Let v(p) = 30*p**j - 17*p**3 - 12*p**3 + 5 + 6*p**2. Calculate v(-6).
5
Let w(r) = 8. Let y(i) be the first derivative of -1/2*i**2 - 17*i + 3. Let l(d) = -13*w(d) - 6*y(d). What is l(2)?
10
Let n(x) = x**2 + 2*x + 1. Let z be 4 - 3/(-6)*-4. Let f be z + (-1 - (5 + 1)). Calculate n(f).
16
Let y be (-1)/(2/(0 - -10)). Let c(o) be the first derivative of o**5/120 + 4*o**3/3 + 8. Let k(a) be the third derivative of c(a). Determine k(y).
-5
Let k(n) = -n**3 - 4*n**2 + 9*n + 7. Suppose -16*h = -22*h - 6. Let s be ((-17)/4 - 2) + h/(-4). Give k(s).
25
Let a(f) be the first derivative of -f**2/2 - f - 1. Let b(q) = -106*q - 122*q - 9 + 227*q. Let d(r) = -2*a(r) + b(r). Determine d(5).
-2
Let t = -671 - -671. Let z(k) be the second derivative of -6*k + 3/2*k**3 + 0*k**2 + t. What is z(-1)?
-9
Let g(w) = w + 6. Let a(j) = j**2 - j + 6. Let f be a(0). Suppose 0 = 5*u + f*h - h - 10, -7 = -u + 4*h. Suppose -2*m - u*b = 13, 5*b + 2 = 3*b. What is g(m)?
1
Let d(i) be the first derivative of i**4/12 - i**3 + 5*i**2/2 + 7*i - 13. Let k(v) be the first derivative of d(v). Give k(6).
5
Let t = -32 - -39. Let l(z) = t - z - 9 - 4*z**3 - z**3 + 2*z**3 + 4*z**2. Determine l(2).
-12
Let n(u) = -14*u + 5*u**2 - 2*u**2 - 5*u**2 + u**2 - 13. Let a be n(-13). Let f(h) = h + 9 + 5 - 3 - 2. What is f(a)?
9
Let b(m) be the third derivative of m**8/20160 + m**7/5040 + m**6/360 - m**5/10 + 16*m**2. Let i(a) be the third derivative of b(a). What is i(0)?
2
Let d(g) =